*2 - 11*v - 8. Let x be z(y). What is the highest common factor of 5 and x?
5
Suppose 0 = 4*m - 2*m - 128. What is the highest common divisor of 16 and m?
16
Let p = -1 - 6. Let o be (51/(-6))/(2/4). Let a = p - o. Calculate the greatest common factor of 20 and a.
10
Let s be ((-1)/(1/(-2)))/2. Let n be -11*(1 - 8/4). What is the greatest common divisor of s and n?
1
Let m be -2*3/(-6)*1. Let j be (-2)/((-6)/39) - m. Calculate the highest common factor of j and 6.
6
Let o(u) = 4*u - 12. Let h be o(5). What is the greatest common factor of 56 and h?
8
Let y(d) = d**3 - 2*d**2 + 3*d + 2. Let n be y(2). What is the greatest common factor of 8 and n?
8
Let u(k) = 4*k**2 - 2*k. Let h be u(3). Let q be (12/(-7))/(6/(-42)). Calculate the greatest common factor of h and q.
6
Suppose 3*f + 2*f - 15 = 0. Calculate the greatest common factor of 2 and f.
1
Let t be (-1 + 3)*1/2. Let i be 96/4 + (1 - t). Calculate the highest common factor of 8 and i.
8
Let m be (10/(-10))/((-2)/6). Suppose -m*s - s + 120 = 0. Let w be -1 - (1 + -4) - -3. What is the greatest common divisor of s and w?
5
Let x(r) = 3*r + 4. Let b be x(-1). What is the highest common factor of b and 2?
1
Suppose -3*b - 3*c + 39 = 0, -2*b + 8*c = 4*c + 4. Let s = -35 - -99. What is the highest common factor of b and s?
8
Let l(h) = h**3 - 6. Suppose -4*t - 11 = -9*t + s, -4 = -s. Let w be l(t). Calculate the greatest common divisor of w and 3.
3
Suppose -3*p - 2*p + 220 = 0. Suppose 4*b - 3*g - p = 0, 0 = b + 5*g - g - 11. What is the greatest common divisor of 11 and b?
11
Let s(m) = 40*m**2 - m. Let i be s(1). Suppose -2*h + i = h. Suppose 5*x = 2*x + 273. Calculate the highest common divisor of x and h.
13
Let i be 60*1*2*(-6)/(-15). What is the highest common factor of 6 and i?
6
Let l(n) = n**2 - 2*n - 8. Let y be l(6). Suppose 5*m - 12 + 2 = 0. Suppose 0 = -m*i + 5*j + 12, 8 = j + j. Calculate the highest common factor of i and y.
16
Let t(y) = 2*y**2 + 3*y + 2. Let a be t(-2). Suppose 11 = a*r - 41. Suppose -d = -4*d + 351. What is the highest common divisor of r and d?
13
Let u(p) = p**3 - p**2 + p - 2. Let m be u(2). Suppose 0*j + 108 = 3*j. What is the greatest common divisor of j and m?
4
Let n(a) = 1 + 0*a**2 - 2*a + 2 + 7*a + 2*a**2. Let p be n(-5). What is the highest common factor of 7 and p?
7
Let g(y) = -13*y + 11. Let q(n) = -3*n + 3. Let b(v) = -2*g(v) + 9*q(v). Let o be 3/2 + (-68)/8. Let t be b(o). What is the greatest common factor of 18 and t?
6
Let n = -9 + 27. What is the highest common divisor of n and 198?
18
Let u be 2/(-8) + (-226)/(-8). Calculate the greatest common factor of 7 and u.
7
Suppose 3*p + 1 = -3*x + 10, p = 2*x. Calculate the greatest common divisor of x and 8.
1
Let l(v) = -v + 3. Let o(u) = u - 3. Let m(s) = -5*l(s) - 4*o(s). Let h be m(7). What is the highest common factor of 16 and h?
4
Suppose -4*c = -2*c - 8. Suppose -c*h = h - 330. Calculate the greatest common divisor of h and 22.
22
Suppose -5*n + l + 75 = 0, l + 75 = 5*n - 3*l. Calculate the highest common divisor of 6 and n.
3
Let x = -6 - -15. Suppose 2*y + 3 = 21. Calculate the greatest common divisor of x and y.
9
Suppose 36 = 4*h - 12. Calculate the greatest common divisor of h and 24.
12
Let x(l) = 11*l - 2. Let b be x(-1). Let z = -7 - b. Let m(k) = -k**3 + 2*k. Let f be m(-2). What is the greatest common divisor of f and z?
2
Let m = 208 - 75. What is the greatest common factor of m and 19?
19
Suppose 179 + 973 = 8*r. Let g = -7 - -10. Let k(b) = 3*b**2 - 5*b + 4. Let v be k(g). Calculate the greatest common divisor of v and r.
16
Suppose -4*u + 0*u = -f - 6, 3*f + u + 5 = 0. Let q be ((-4)/(-8))/(f/(-156)). What is the greatest common factor of q and 26?
13
Suppose -4*f + 8*f - 28 = 0. Let i = -22 + 10. Let y be (-416)/i + 1/3. Calculate the greatest common divisor of y and f.
7
Let l = -10 - -12. Suppose n = -3*s + 4, -l*s - 1 = -3*n - 0. Calculate the highest common factor of n and 8.
1
Let s be (-6 - -7)/((-2)/(-8)). Suppose -2*z = 2*z + 5*k - 52, 4*z - 88 = s*k. Calculate the greatest common factor of z and 72.
18
Suppose -2*z + 13*z = 77. What is the highest common factor of 161 and z?
7
Let g = -23 + 39. Suppose 5*y - 31 = -p, 0 = 2*p + 4*y - 16 - 28. Calculate the greatest common factor of p and g.
16
Let k be 3/2*(-8)/(-6). Suppose -k*w + 29 = -0*w - 5*n, 0 = 5*w - n - 107. Let g be -3 + 39 + 3/(-1). Calculate the highest common divisor of g and w.
11
Suppose 7*l = -0*l + 1813. Calculate the highest common factor of 37 and l.
37
Suppose -5*p + 46 = 3*b, -5*b = 4*p - 77 + 9. Let r be 6/9 + 44/6. What is the highest common divisor of b and r?
4
Let d be 10/4*6/5. Suppose 3*t = 3*b + 78, d*b = b. What is the greatest common factor of t and 26?
26
Let b be (-3 - -3) + 25 + 2 - 3. Let j(c) = 13*c**2 - 2*c + 1. Let g be j(1). What is the highest common factor of b and g?
12
Let h = 11 - 7. Suppose -v - h*v = 0. Suppose 0*u = 5*s + 2*u - 80, -4*s + 3*u + 87 = v. What is the highest common factor of 162 and s?
18
Suppose 60 = 2*d + l, 6*l - 3*l - 30 = -d. What is the highest common factor of 30 and d?
30
Suppose -g + 40 + 46 = 0. Calculate the greatest common divisor of g and 129.
43
Let v = -363 - -252. Let l = -76 - v. What is the greatest common factor of l and 7?
7
Let w(r) = r**2 + 5*r + 5. Let k be w(-5). Suppose 3*a + 12 = 33. Suppose 3 = 5*u + 2*q, 2*q - a*q = -k*u + 10. Calculate the highest common factor of 8 and u.
1
Let s(t) = -t**3 - 3*t**2 + 4*t - 7. Let u be s(-6). Suppose -4*i - i + 125 = 0. Let g be (55/i)/((-3)/(-15)). Calculate the highest common divisor of u and g.
11
Let y(w) = w**3 + 3*w**2 - 11*w. Let o be y(-5). Calculate the highest common factor of o and 90.
5
Let l(p) = 93*p**2 - 4*p + 1. Let w be l(1). Calculate the greatest common divisor of 10 and w.
10
Suppose 5*y - 9 = 1. Suppose -4*k + 2*u + 36 = -2*u, 0 = -3*k + u + 37. What is the highest common factor of k and y?
2
Suppose 5*t + 4*d - 3*d - 107 = 0, 0 = 2*t - 5*d - 32. Let k = t + -7. Let u be (-80)/30*147/(-4). What is the greatest common divisor of k and u?
14
Let s = 12 - -68. Suppose 5*w - 5*i = -i + 168, 2*w + 2*i - 60 = 0. What is the greatest common factor of s and w?
16
Let w be 2/5 - 692/(-20). Let h = -5 - -8. Let g be (3*9)/h + -2. Calculate the greatest common factor of w and g.
7
Let y = -2 + 13. What is the greatest common divisor of 11 and y?
11
Let l(g) = 31*g - 2. Let a be l(2). Let p be ((-20)/16)/((-1)/(-28)). Let d be (-399)/p - 3/(-5). Calculate the greatest common divisor of a and d.
12
Suppose 28 - 3 = 5*b. Suppose -b*j - 81 = -2*j. Let n = -2 - j. What is the greatest common factor of 10 and n?
5
Let q(g) = -g - 7. Let r be q(-6). Let j be -1 + r - -1 - -43. Suppose -z - 2 = -8. What is the highest common factor of j and z?
6
Let l be 2/(-7) + 4204/14. Suppose 4*b - l = -b. Calculate the highest common divisor of b and 40.
20
Let u = -77 - -92. What is the greatest common factor of 75 and u?
15
Let u = -1 + 3. Suppose -3*m + 97 = 5*z, 40 = 2*z + 2*m - u. Calculate the highest common divisor of 153 and z.
17
Suppose 7 = 2*j + 3*m, -2*j = j + 4*m - 9. Let b = j - -3. Let l(d) = d**3 + 3*d**2 - 3*d. Let y be l(b). What is the greatest common divisor of 70 and y?
14
Let c(p) = -2*p + 4. Let o be c(2). Let t be (o - 1) + 14 - 0. Suppose -3*a - a - 3*b = -575, -285 = -2*a + b. What is the highest common factor of t and a?
13
Let k = 20 + 4. Suppose -4*g = 3*x + 9, 0 = 2*g + 3*g - 3*x - 9. Let b be (-32 + g)/(-2) - 0. Calculate the highest common factor of b and k.
8
Suppose -4*r + 98 = 2*j, 5*j = -0*r + 4*r - 91. Let m = 34 - r. Calculate the greatest common divisor of m and 2.
2
Let x be (-13)/(-1) + (-2 - 1). Suppose 3*g = -4*t + 8*g - 5, -t = -g. What is the highest common divisor of t and x?
5
Let k(u) = u**2 - u. Let c be k(0). Suppose -m - 41 = -2*y + 2*m, c = 2*y - 5*m - 35. Let v = y - 13. What is the highest common factor of 12 and v?
12
Let z(u) = -u**2 - 12*u - 12. Let l be z(-9). Suppose 0 = k - 5*c - 31 - 4, -5*k + 315 = 3*c. What is the greatest common divisor of l and k?
15
Suppose -5*m = 3*w - 96, -4*w - w - 4*m + 147 = 0. Let f be 0 - (-9)/(w/66). What is the highest common divisor of f and 44?
22
Let u = -15 + 17. Suppose u*i - 118 = 114. What is the great